tive of a**4/4 + 6*a**3 - a**2 + 14*a - 36. Let n(y) = -2*y**3 - 35*y**2 + 3*y - 28. Let r(k) = -5*b(k) - 3*n(k). What is r(-15)?
-1
Let y(z) = 11*z + 15. Let o(i) = -21*i - 27. Let p(s) = 5*o(s) + 9*y(s). Give p(-5).
30
Let q be ((-9)/6)/(4/8) - (5 + -16). Let l(p) = -p**3 + 5*p**2 + 26*p + 9. What is l(q)?
25
Let t(u) = -3*u - 3. Suppose 11*g - 231 = 187. Suppose 24*k + 158 = g. Give t(k).
12
Let g be ((7 - 2) + 0)/1. Let t(c) be the first derivative of -c**2/2 + 4*c + 2364. Give t(g).
-1
Let y(h) be the first derivative of 2*h**3/3 - 5*h**2/2 - 9*h + 5161. What is y(4)?
3
Suppose 2*u + 16 = -2*u. Let m be (-2)/u*1*-2. Let s(j) be the third derivative of 5*j**4/8 - j**3/6 + 342*j**2 - j - 5. What is s(m)?
-16
Let m(o) = -19*o**3 + 26*o**2 - 7*o - 9. Let b(d) = 12*d**3 - 17*d**2 + 5*d + 5. Let q(j) = -8*b(j) - 5*m(j). Calculate q(5).
5
Let u(x) = -3*x**2 - 3*x. Let h(d) = 5*d - 19 - d**2 + 3*d + 25 - d. Let n be h(8). Determine u(n).
-6
Let y(p) = -p - 7. Let o be 168/40 - (-8)/10. Suppose -o*g = h, 3*h - 33 = -0*h - 4*g. Let k = -15 + h. Calculate y(k).
-7
Let a(p) = 2*p - 3*p**2 + 2*p**2 - 2 + 0*p**2 - p + 0*p. Let x = 97 + -95. Calculate a(x).
-4
Let g(b) = -10*b**2 - 8 - 835*b - b**3 + 406*b + 416*b. Determine g(-8).
-32
Suppose -7*d - 1022 + 1043 = 0. Let n(k) be the first derivative of -2*k**2 - 6 - 3*k - 1/3*k**d. Determine n(-3).
0
Let p(d) = 10*d - 4*d - 25*d + 3*d. What is p(0)?
0
Let k(v) be the third derivative of -7*v**2 - 1/12*v**5 + 0 + 0*v + 1/3*v**3 - 1/120*v**6 + 1/8*v**4. Give k(-4).
-26
Let q(v) = 2*v**3 - v**2 + 9*v + 9. Let w = -21269 - -21268. What is q(w)?
-3
Let w be (-44)/12*2 + (-2)/(-6). Let g(s) = -s**3 - 8*s**2 - 8*s - 5. Give g(w).
2
Let b(d) = -11*d**3 - 17*d**2 - 246*d - 2. Let w(l) = 15*l**3 + 22*l**2 + 337*l + 2. Let c(t) = -11*b(t) - 8*w(t). Suppose 13 + 37 = -5*y. Determine c(y).
6
Let d(x) = 3*x**2 + 35 + 22*x**2 + 29 + 2*x**3 - 9*x**2 - 54. Give d(-8).
10
Let n(q) = -8*q**3 + 9*q**2 + 10*q**3 - 7 + 8*q - q**3. Let u be (3 - -4)/28 + (-39)/(-4). Let p be u/3*(-72)/30. Give n(p).
-7
Let q be (-1)/((-1)/2 + (11 + 0)/66). Let b(n) = n**3 + 2*n**2 + 2*n + 7. What is b(q)?
58
Let h(q) = -15*q**2 - 479*q + 49. Let p be h(-32). Let g(y) be the first derivative of -p*y + 1/3*y**3 + 1 + 0*y**2. What is g(0)?
-17
Let z(g) = 17*g + 7. Let a(s) = -8*s**2 + 208*s - 1. Let w be a(26). Calculate z(w).
-10
Let r(k) = k**2 - 12*k - 7. Suppose 6*a - 498 = -1608. Let s = -173 - a. Calculate r(s).
-7
Let v(s) = s**2 + 12*s + 2. Let l(u) = 2*u**3 - 9*u**2 + 2*u - 4. Suppose 5*y - 3 - 9 = 4*o, 20 = 3*y + 4*o. Let a be l(y). Give v(a).
2
Suppose -3*f = -12*f + 207. Suppose -f - 28 = -p. Suppose -g + 8 - p = 5*t, g - 29 = 4*t. Let i(a) = a**3 + 7*a**2 - 10*a - 8. Calculate i(t).
8
Let o(l) = -l**3 + 16*l**2 - 62*l - 17. Let y be 1820/(-230) + 8 - (1644/(-138) + 4). Calculate o(y).
-1
Let y = 43 + -42. Let u(h) = 96*h. Let a(c) be the third derivative of c**4/24 - 13*c**2. Let k(f) = -80*a(f) + u(f). Determine k(y).
16
Let x(p) = p + 16. Suppose 387*t - 361*t = -338. Calculate x(t).
3
Let k(p) = 118*p + 1781. Let c be k(-15). Let m(d) = -d**2 + 11*d + 1. Determine m(c).
1
Let a be 3770/455 - 4/14. Let t(q) = 3*q**2 - 25*q + 12. What is t(a)?
4
Let r(g) = 7*g + 15. Suppose -7*a + 54*a = 74 + 114. What is r(a)?
43
Suppose -3*q + 9*q - 306 = 0. Let f = 51 - q. Let k(a) = a**3 - a**2 + a + 2. Calculate k(f).
2
Let q(s) = 6*s**2 + 6*s - 11. Let b be q(7). Let k = 320 - b. Let f(y) = 3*y - 6. Let t(v) = 2*v - 3. Let w(h) = -3*f(h) + 5*t(h). Calculate w(k).
-2
Let s(q) be the third derivative of -q**4/4 + q**3/2 - q**2. Let b be (3/11)/(261/(-2871)). Determine s(b).
21
Let j(z) = -7*z - 2777 + 2720 + 10*z - z. Calculate j(26).
-5
Let p be (2160/(-324))/((-2)/42). Suppose 34*f - p = 20*f. Let z(x) = -x**2 + 10*x + 6. Determine z(f).
6
Let z be ((-50)/(-5) + -4)*(-14 + 16). Let u(q) = q**3 - 14*q**2 + 28*q + 5. Determine u(z).
53
Let u(y) = -y**2 + 3*y + 5. Let t be (-1 + 1 - (-33 + 32))*26. Let l be (-1 + (0 - -2))*78/t. Determine u(l).
5
Let y(l) be the second derivative of l**4/12 - 7*l**3/3 + 11*l**2/2 + 13*l - 2. Let s = -541 - -554. Determine y(s).
-2
Let a(j) = 21*j - 131. Let w be a(6). Let d(f) be the first derivative of -f**2/2 + 7*f + 15. Give d(w).
12
Let w(r) = -37*r**2 + 2*r + 30. Let i(j) = -117*j**2 + 5*j + 91. Let d(y) = 6*i(y) - 19*w(y). Calculate d(-5).
41
Let w(j) = -j**3 + 5*j**2 + j - 3. Let a be w(5). Let i(g) = -1811 - 3*g**a + 4*g**2 + 1812 + 5*g. Calculate i(-5).
1
Let s be ((-17)/2 - -4)*(-5 + 7). Let z(r) = -r - 2. Let c(h) = -4*h - 6. Let y(b) = s*z(b) + 2*c(b). Give y(5).
11
Let v(t) = 6*t. Let r be v(1). Let i be 6/4*8/r. Let m(j) be the second derivative of j**3/6 - j**2 - 482*j. Determine m(i).
0
Let r(m) be the second derivative of -m**3/6 - 3*m**2/2 - 2102*m. Let j be (0 - 0) + (6 - 0). Suppose -u = -3*u - j. Determine r(u).
0
Suppose 3*a + 5*p + 4 = -5, 4*a + 12 = -2*p. Let k be 0 - 35/14 - a/6. Let u(o) = -8*o - 3. Calculate u(k).
13
Let a(t) = -2137 + 1087 + 1131 + 11*t. What is a(-7)?
4
Suppose -5 = -c - 1. Let p(f) = 8*f**2 - 11*f - 2. Let s(l) = 7*l**2 - 10*l - 1. Let z = -97 + 91. Let r(d) = z*s(d) + 5*p(d). Give r(c).
-16
Let z(c) = -2*c**3 - c. Let n(v) = -5*v + 19. Let x be (-37)/111 - 26/(-6). Let u be n(x). What is z(u)?
3
Let k(h) = 76*h - 718. Let n(y) = -38*y + 377. Let w(m) = -6*k(m) - 11*n(m). Give w(4).
9
Let f(g) = -3*g**3 - 22*g**2 + 14*g - 8. Let m(u) = -4*u**3 - 29*u**2 + 19*u - 10. Let y(p) = -9*f(p) + 7*m(p). Let z = 8 - 14. Calculate y(z).
-4
Suppose -5*p - 67 = -6*h + 3*h, h + 51 = -5*p. Let l(r) = r**2 + 6*r - 10. Let k(w) = -2*w**2 - 12*w + 19. Let y(c) = p*l(c) - 6*k(c). What is y(-4)?
-12
Let q(h) = -3*h**2 - 10*h - 14. Let m(x) = 2*x**2 + 5*x + 8. Let j(w) = -7*m(w) - 4*q(w). Calculate j(2).
2
Let h(l) = -18*l - 87. Let b(x) = -6*x - 4. Let d(m) = 4*b(m) - h(m). What is d(12)?
-1
Let g(n) = -n**3 - 9*n**2 - 8*n - 4. Let p(s) = -52*s + 317. Let d be p(6). Suppose -5*a + 16 = -4*r - 26, d*r + 42 = a. Give g(r).
-4
Let k be ((-144)/15)/(-6)*(-5)/(-2). Suppose -k*m - 72 = 8*m. Let c(n) = n**3 + 5*n**2 - 6*n - 5. Calculate c(m).
-5
Let a(g) = -692*g - 688*g + 12 + 0 + 1379*g. What is a(11)?
1
Let m(r) be the third derivative of -r**6/120 + 11*r**5/60 - 5*r**4/6 + 5*r**3/3 - 779*r**2 - 2. What is m(8)?
42
Let p(g) = 15*g**2 - 2*g - 24. Let j(s) = 26*s**2 - 8*s - 49. Let u(w) = 4*j(w) - 7*p(w). Give u(-18).
-28
Let f = 9673 + -9669. Let d(p) = -p**3 + 6*p**2 - 7*p - 6. What is d(f)?
-2
Let j(h) = -3363 - 3506 + h + 6905. Calculate j(-7).
29
Let t(b) be the second derivative of b**3/6 - 2*b**2 - 190*b. Let x be 6/(2/8 - 70/40). Give t(x).
-8
Let f be (-2)/(-6) + 33/9 + -6. Let p = 3 - 0. Let u(q) = q**p + 1 - 2*q**2 - 4*q**2 + 4*q**2. Determine u(f).
-15
Let l be -13 - 2*42/(-7). Let p = 27 - 16. Let d(k) = 5*k**2 - 5. Let i(n) = 16*n**2 - 14. Let t(r) = p*d(r) - 4*i(r). Determine t(l).
-8
Let w(h) = -18 - 16 - 798*h - h**2 + 797*h + 34. Let a(t) = -t**3 + 5*t**2 - 3*t - 3. Let j be a(3). Let f(b) = -b**2 + 4*b + 8. Let x be f(j). Determine w(x).
-12
Let o(z) = 290*z + 4642. Let i be o(-16). Let n(q) be the first derivative of -5/3*q**3 + 6*q + 1/4*q**4 + 22 + 0*q**i. What is n(5)?
6
Let y(r) = -r + 2. Suppose 5*v + 20 = 0, 2*v + 3313 = 5*d + 750. Let m(h) = -d*h - h**2 + 1 + 25 + 501*h. Let p be m(-12). Determine y(p).
0
Suppose 2*r - 16 = -2*j, 3*j + 2*r - 30 = -8. Let x(u) = u**3 - 7*u**2 + 9*u - 1. What is x(j)?
17
Let t = 411 - 415. Let c be (-4)/t - (0 + -3). Let x(p) = p**3 - 4*p**2 - 2*p - 4. What is x(c)?
-12
Let a(s) = 39*s - 51. Let n(b) = 14*b - 15. Let q(j) = -4*a(j) + 11*n(j). Give q(23).
-7
Let d(r) be the third derivative of r**6/60 + 5*r**5/6 - 53*r**4/24 - 6*r**3 - 2412*r**2. Calculate d(-26).
-10
Suppose -13*y = 11*y - 4*y. Suppose 3*z - 8 = q, -5*z = -0*q - 2*q - 14. Let h(c) = -z + c + y*c + 0*c. What is h(6)?
4
Let x(t) = -t**2 + 4*t + 5. Let d(c) = c**3 - 31*c**2 + 30*c + 4. Let b be 8*((-35)/(-20) + 2). Let h be d(b). Determine x(h).
5
Let x(n) = -2*n**2 - 2*n + 4. Let t(y) = 1 - 11 - 2*y - 8 - 1. Let q be t(-10). Let f be 36/30*q*(-10)/4. Determine x(f).
-8
Let w(m) = -m**3 + 9*m**2 + 10*m - 6. Suppose 5*b - 15 + 0 = 0. Suppose -b*y + 12 = -18. Calcula